 w be l(2). What is the greatest common divisor of w and 198?
18
Let g = 133 - 120. What is the highest common factor of 221 and g?
13
Suppose -2*h - 3*u + 605 = 0, -5*u = -h + 196 + 74. Calculate the greatest common divisor of 118 and h.
59
Suppose -27*i + 19*i = -408. Calculate the highest common factor of 204 and i.
51
Suppose -31*s = -35*s + 112. What is the highest common divisor of s and 154?
14
Let t(p) = 193*p + 219. Let s be t(9). What is the greatest common divisor of s and 12?
12
Let k be (2 - (-356)/24) + (-2)/(-12). Suppose -16*b - 18 = -k*b. Let l = 36 + -24. Calculate the greatest common divisor of b and l.
6
Let j = -617 - -619. Let i be 4/(-6) + 68/3. What is the highest common divisor of j and i?
2
Suppose 2*m - 5*u = 49, -4*m - u = 13 - 78. What is the highest common divisor of 323 and m?
17
Suppose -x = -2*x + 162. Suppose 72 = -14*j + 177 + 147. Calculate the highest common factor of j and x.
18
Let p = -76 - -177. Let u = -58 + p. Calculate the highest common factor of u and 301.
43
Let o be 17/(17/18) + 4. Calculate the highest common divisor of o and 242.
22
Let f = -95 + 106. Let g be (984/(-16))/(2/(-4)) + -2. What is the highest common factor of g and f?
11
Suppose -w = -13 - 3. Calculate the highest common factor of 40 and w.
8
Let h be (-4 + -131)/((-1)/3). What is the highest common divisor of h and 45?
45
Suppose 0 = -2*l + 40 + 24. Suppose 0 = 2*q - 0*f - f - 65, -f = 3. Suppose -9 = -5*c + q. Calculate the highest common factor of c and l.
8
Let l be (-2)/9 + (-2286)/(-81). Calculate the highest common factor of 42 and l.
14
Let b = -877 + 885. Calculate the highest common divisor of b and 64.
8
Suppose 4*c + 212 = -4*l, -3*c = -0*l + 2*l + 105. Suppose -20*p - 635 = 265. Let w be (l/(-10))/((-3)/p). Calculate the greatest common factor of w and 27.
27
Let o(w) = 17*w**2 - 3*w + 1. Let s be o(2). Suppose 26*x + 62 = 531 + 77. Calculate the greatest common divisor of s and x.
21
Let d(g) = -g**2 - 5*g. Let a be d(-3). Suppose -10*u = -a*u - 896. What is the greatest common divisor of 28 and u?
28
Suppose -5*n + 43 = -c, 0 = -0*n + 4*n + 4*c - 44. What is the highest common divisor of n and 9?
9
Suppose 0 = 33*j - 765 - 555. Calculate the highest common divisor of 360 and j.
40
Suppose 0 = 3*f - f - 3*y + 315, -f + y - 155 = 0. Let k = 216 + f. Calculate the highest common divisor of 44 and k.
22
Let y be 36/(-126) - (-1)/(7/1192). What is the highest common factor of 136 and y?
34
Suppose -4*c + 54 = 2*l, 5*c + l = 2*l + 78. Suppose 61 = 2*v - 59. What is the greatest common divisor of c and v?
15
Let f(p) = 4*p + 7. Let i be f(-5). Let q be (-14)/4*(-15 - i). Suppose 2*w - q = 9. Calculate the highest common divisor of 72 and w.
8
Let p(l) = -l**2 - 5*l + 6. Let y be p(-5). Suppose 4*c = -t + 26, 0 = 5*c - 18 + 3. Let u = y + t. Calculate the greatest common divisor of 160 and u.
20
Let a(y) = -18*y - 33. Let j(x) = x**3 - 14*x**2 - 13*x - 37. Let b be j(15). Let u be a(b). What is the highest common factor of u and 31?
31
Suppose -11*o + 616 = -0*o. What is the highest common factor of 238 and o?
14
Let l be 52/6 - (-3)/9. Let t = -11 + 32. Let o(c) = c**3 - 22*c**2 + 21*c + 18. Let v be o(t). What is the highest common factor of l and v?
9
Let r = -30 + 58. Let j be 2/(-8) - (-175)/r. Suppose 0 = -9*o + 4*o - a + 19, j = o - 2*a. Calculate the highest common factor of 20 and o.
4
Suppose -6*w = -34 + 2344. Let d = w + 545. Calculate the greatest common divisor of d and 64.
32
Suppose 2*i - 23 - 1 = 0. Let j be 135 + -2*4/8. Let d = -74 + j. What is the greatest common divisor of i and d?
12
Suppose 9*h + 15*h - 6240 = 0. What is the greatest common factor of 494 and h?
26
Suppose -3*b - r + 3027 = 0, 2*r = 2*b + 7*r - 2031. What is the highest common factor of b and 36?
36
Let y be 170/14 + -6 - (-1)/(-7). Let i = 1 - -5. Calculate the greatest common divisor of i and y.
6
Let l be 36/(-8)*(-1 - -5). Let k = l - -34. What is the greatest common factor of 12 and k?
4
Let l(h) be the second derivative of h**3/6 + 10*h**2 + h. Let v be l(-7). What is the highest common divisor of v and 117?
13
Let l = -1 - -21. Let d be 2 - 2*(-33)/6. Suppose -3*g + d = -2. What is the highest common divisor of l and g?
5
Let y = -38 - -62. What is the greatest common factor of y and 60?
12
Suppose 4*s = -3*v + 4944, -3661 + 1175 = -2*s + 2*v. What is the greatest common divisor of s and 118?
59
Let z be -3*(23/(-6) - (-6)/4). What is the highest common factor of 21 and z?
7
Let f be (-50)/4*(-2 - 0). Let t = 27 - f. Calculate the greatest common divisor of t and 14.
2
Suppose 922 = 11*b - 860. What is the greatest common factor of 90 and b?
18
Let c = 11 - 2. Suppose 5*k + 6 = -c. Let i be 3 + (-4 - k) + 152. What is the highest common factor of i and 14?
14
Let p = 32 - 32. Suppose p = -6*l + 8*l - 72. Calculate the highest common factor of 4 and l.
4
Let f be (-450)/15*(-2)/4. Suppose -q = -6*q. Suppose -3*z + q*z + 315 = 0. What is the highest common divisor of f and z?
15
Suppose 0 = 3*u + 7*u - 1400. What is the greatest common divisor of 40 and u?
20
Suppose 2*x - 3*g = 3939, -58*x + 4*g = -62*x + 7848. What is the greatest common divisor of x and 15?
15
Let d(h) = -h**3 + 8*h**2 - 6*h + 5. Let p be d(7). Let l be 178/8 - 3/p. What is the greatest common divisor of 66 and l?
22
Let v(r) = -9*r + 349. Let a be v(7). What is the greatest common factor of a and 234?
26
Let n(w) = -4*w - 6. Let h be (-23)/(-69) - (-56)/(-6). Let f be n(h). Calculate the highest common divisor of f and 75.
15
Let r(q) = 2*q. Let b be r(2). Let f be b/(-10) - 4/(-10). Suppose f = -t - t + 18. What is the greatest common factor of 99 and t?
9
Suppose -3*x = 15, -2*m + 22 = -4*x - 6. Let a be 0 + 4 + 0 - 0. Calculate the highest common divisor of a and m.
4
Suppose 0 = -6*g - 126 + 462. What is the greatest common factor of g and 14?
14
Suppose -3*g = -5*w + 40, 2*g - 3 = -4*w + 7. Suppose 140 = 4*t + n, 0*t + w*n = t - 35. Calculate the greatest common divisor of 21 and t.
7
Suppose 5*s - 10 = 0, s - 4 - 2 = -2*h. Let x be (-2 - -5 - (3 - h)) + 14. What is the highest common divisor of 80 and x?
16
Let o(b) be the second derivative of b**3/2 + 21*b**2 - b. Let h be o(-10). Calculate the highest common divisor of 6 and h.
6
Let q = -6 - -10. Suppose -50*o + 45*o + 15 = 0. Suppose 415 = 4*f - o*u - q, 4*u = -4. Calculate the highest common factor of f and 13.
13
Suppose -28*w - 6*w = -7956. What is the highest common factor of 26 and w?
26
Let c(v) = -v**2 - 5*v + 9. Let r be c(-7). Let a = r + 2. Let m be a*(22/(-6))/1. Calculate the greatest common factor of 121 and m.
11
Let p = -2625 - -4263. Calculate the greatest common divisor of p and 7.
7
Suppose -4*c + 78 = 5*j, 0 = c + 2*j - 21. Calculate the greatest common divisor of c and 136.
17
Suppose 6*j - 5040 = -22*j. What is the greatest common factor of j and 240?
60
Suppose -5*w + 23 = -4*z, 4 = -4*w + 2*w - 5*z. Suppose w*b = -7*b + 320. Calculate the greatest common divisor of 256 and b.
32
Let b(d) = 6*d**2 - d. Let y be b(1). Suppose -3*m - 3*j - 260 = -y*m, -m + 3*j + 130 = 0. What is the greatest common factor of 26 and m?
26
Let l = -29 - 140. Let o = l + 175. Calculate the highest common divisor of 24 and o.
6
Suppose 2*w - b = 4*w + 1, w - 3*b = 3. Let l be 0/(w + -1 + -2). Let p(f) = f**2 + f + 5. Let d be p(l). Calculate the highest common factor of d and 45.
5
Let p(y) be the first derivative of 17*y**2/2 + 12*y - 10. Let f be p(6). What is the greatest common divisor of 19 and f?
19
Let f = 282 - 29. Suppose -17*c = f - 712. Let g be 4/(-6) + 58/6. What is the highest common divisor of c and g?
9
Let l = -154 - -196. What is the highest common factor of l and 63?
21
Suppose 0 = 2*n - 3*s - 5, 2*n + 5*s = -n + 17. Let u = 8 + -16. Let h = n - u. Calculate the highest common divisor of h and 3.
3
Let d be (70/42)/(2/6). Suppose -10*j + 80 = -d*j. Calculate the greatest common factor of 2 and j.
2
Let s = 2786 + -1361. What is the greatest common factor of 75 and s?
75
Let b be (-129)/(-6) + (-2)/4. Suppose 0 = -4*z - 4*r + 18 - 6, 4*z - 16 = -3*r. Suppose -2*x + z = -b. Calculate the highest common factor of x and 21.
7
Let b(a) = a**2 + 6*a + 7. Let o be b(-6). Let n = 0 - 1